d**2 + 28*d + 39. What are the prime factors of x(12)?
3, 7, 11
Let n(v) = v**2 + 7*v - 15. Suppose -r + 0*u + u - 16 = 0, -5*r - 40 = 3*u. What are the prime factors of n(r)?
29
List the prime factors of 40/(-12) - (-4492)/3.
2, 3, 83
Let m(j) = 7*j - 46. Let h be m(6). List the prime factors of (178/(-4))/(h/8).
89
Suppose 2*l - 73 = 25. Let z = -35 + l. Let n = z - 1. What are the prime factors of n?
13
Let p(s) = s**2 + 19*s + 4. Let z be p(-19). Suppose -3*i - z*i + 399 = 0. What are the prime factors of i?
3, 19
Suppose -4*k - 5*f = k + 5, -5*k = -f - 13. Suppose k*b + 3*r + r = 36, -4*r = -4*b + 108. List the prime factors of b.
2, 3
Suppose -2*k = -k - 4. Suppose 4*j - 2*z + 18 = 5*j, -5*z = k*j - 60. What are the prime factors of j?
2, 5
Suppose 304 = 4*j + 4*d, 5*j - 189 = 4*d + 164. Let z = j + 72. List the prime factors of z.
5, 29
Let q be (17 - 14)/((-6)/28). Let r = q + 33. What are the prime factors of r?
19
Suppose 0 = 4*z - 3*n - 20, -2*z + 5*n = z - 15. Suppose 0 = -3*q + z*q. Suppose 3*k = -q*v - 4*v + 35, -v - 4 = 5*k. What are the prime factors of v?
11
Let g = 1519 - 919. Suppose -6*i = -g + 168. List the prime factors of i.
2, 3
Suppose 0 = -5*k + q + 35, 4*q - 4 = -3*k + 5*k. Let c(p) = 9*p - 16. List the prime factors of c(k).
2, 7
Let s(r) = -2*r - 17. Let y be s(-12). Let z(c) = y*c + 3 + 0 - 11 + 2*c**2. List the prime factors of z(-8).
2
Suppose 2*o - 4 = -0*d - 3*d, -5*o - 13 = -4*d. Let c be ((-564)/(-30))/(o/5). List the prime factors of (-8)/(-28) - c/14.
7
Let b(u) = 3*u**2 - 18*u. Let y(o) = -5*o**2 + 36*o. Let c(l) = 7*b(l) + 4*y(l). List the prime factors of c(-20).
2, 5
Let x(o) = 34*o - 1. Let f be (1 + -3)*(-3)/6. What are the prime factors of x(f)?
3, 11
Let d = -3 - -18. Let c(f) = -f + 35. Let g be c(d). Suppose 8 + g = 2*h. List the prime factors of h.
2, 7
Suppose -7*n + 8*n = -a + 820, -n = -3*a - 816. List the prime factors of n.
3, 7, 13
Let h(p) = -p**3 - 13*p**2 + 8*p - 10. Let s be h(-12). What are the prime factors of (2/4)/(((-15)/s)/3)?
5
Suppose 0*l = 12*l. Suppose 2*x = -l*m + m + 146, -m = 3*x - 219. List the prime factors of x.
73
Suppose -48 = 5*v - 4*s + 9, -60 = 5*v - 5*s. Let k(i) = -i - 8. Let h(b) = -b + 1. Let u(c) = 4*h(c) + k(c). What are the prime factors of u(v)?
41
Suppose -3*s - 1317 = -2*i + 5109, 0 = -3*s. What are the prime factors of i?
3, 7, 17
Suppose -u + 5*a + 1353 = 0, 5*u + 5*a - 6877 = 2*a. What are the prime factors of u?
1373
Suppose 28796 = 34*b - 11*b. List the prime factors of b.
2, 313
Suppose -445 - 716 = -3*y. What are the prime factors of y?
3, 43
Suppose -5*x = -u - 4468 - 784, 0 = x + 2*u - 1057. List the prime factors of x.
1051
Suppose a = -4*a - 5. Suppose -3*y = 3, 0 = 5*x - 3*y - y + 16. List the prime factors of 31 - (a - -1)/x.
31
Let x = -31 + 31. Suppose -3*d = u - 132, 3*u + x*u - 4*d - 448 = 0. List the prime factors of u.
2, 3
Let s(p) = 22*p**2 + 3*p - 7. What are the prime factors of s(-2)?
3, 5
Suppose 0 = -3*g - 4*t + 10203, -40*g + 45*g - 2*t = 17031. What are the prime factors of g?
3, 5, 227
Suppose 4*b + 20 = 0, -3*b - 160 = -2*o - 5*b. List the prime factors of 7*28 + o/17.
3, 67
Let h be -9 + 14 - 1/1. Suppose h*q = t - 75, -3*q = -4*t + 111 + 163. List the prime factors of t.
67
Let h = -2705 - -5109. List the prime factors of h.
2, 601
Let c = 299 - -721. What are the prime factors of c?
2, 3, 5, 17
Let u(c) = -c**2 - 50*c - 44. What are the prime factors of u(-24)?
2, 5, 29
Suppose a - 523 + 65 = 0. Let g be -4*1 - (0 - a). Suppose -8*y = -42 - g. What are the prime factors of y?
2, 31
Let x be (2/4)/(14/(-168)). Let d be x/8*(-20)/5. Suppose -d*a + 41 = 2. List the prime factors of a.
13
Suppose 3*s - 10 = -2*s, -3*s + 29 = j. Suppose -j*m + 30*m = 2289. What are the prime factors of m?
3, 109
Let t(a) = a**2 + 8*a + 3. Let n be t(-8). Suppose n*q - 2 = d - 7, -1 = -d - q. Suppose d*p = 8, -2*i + 0*p + 28 = -2*p. What are the prime factors of i?
2, 3
Suppose 924 + 1092 = 8*b. Let q = b - 180. What are the prime factors of q?
2, 3
Suppose -4*n - 3256 + 11282 = c, 8034 = 4*n - 3*c. What are the prime factors of ((-6)/18)/((-3)/n)?
223
Let a(y) = 1 + 1 - 310*y + 308*y. Suppose -3*r + 4 = z + 18, 0 = -3*r + 5*z - 20. What are the prime factors of a(r)?
2, 3
Let j be (-8)/(-24) - (-64)/6. What are the prime factors of (1 - 7)/((j/4)/(-11))?
2, 3
Suppose 3*w + 2*g + 14 = 8*w, 4*w - 3*g - 14 = 0. Let c be 13 + -4 - 2*-1. Suppose 129 - c = w*i. List the prime factors of i.
59
Suppose 17*x - 6965 = 3728. What are the prime factors of x?
17, 37
Let s = 376 - -56. List the prime factors of s.
2, 3
Let x = 19 - 15. Let w be x/14 + (-1643)/(-7). Suppose -115 - w = -5*t. List the prime factors of t.
2, 5, 7
Let w(l) = 6*l**2 - 55*l - 15. What are the prime factors of w(18)?
3, 313
Let m = 16 - -87. List the prime factors of m.
103
Suppose 70*a = 52*a + 15912. What are the prime factors of a?
2, 13, 17
Let n(l) be the third derivative of l**5/20 + l**4/8 - 4*l**3/3 + 2*l**2. Let f be n(-4). Let j = f + -7. What are the prime factors of j?
3, 7
Let o = 126 + 2. What are the prime factors of o?
2
Let u be 3/(54/(-4)) + 1470/(-189). List the prime factors of ((-6)/u)/(3/(-101))*-4.
101
Let a = 2073 - 423. What are the prime factors of a?
2, 3, 5, 11
Let z(b) = -2*b**2 - 3*b + 8. Let j be z(-4). Let u(t) = t**3 + 13*t**2 + 10*t - 10. List the prime factors of u(j).
2, 7
Let j be (-8)/(-16) - (-10)/4. Suppose -32 = -u + 2*g, u + j*u - 5*g = 113. List the prime factors of 2/4*2 + u.
23
Let s = 4360 + -2333. List the prime factors of s.
2027
Let n = 283 + -166. Suppose 2*p - 4*f + n = 5*p, 3*p - 126 = -f. List the prime factors of p.
43
List the prime factors of (-237)/(-2 + 18/10) + 0.
3, 5, 79
Let z = 47 - 42. Suppose -6 = -3*a, -z*i + 5*a + 30 = -0*i. List the prime factors of i.
2
Let s(j) = -2*j + 7. Let i(m) = 2*m - 6. Let f(v) = 5*i(v) + 6*s(v). Let q = 51 + -59. List the prime factors of f(q).
2, 7
Suppose 3*d + c + 3 = 15, 2*d - 2*c = 8. Suppose 0 = d*p - 2 - 6. Suppose 0 = 3*t - 4*k - 61, -p*t = -t - 3*k - 27. List the prime factors of t.
3, 5
Let x(h) = 2*h + 9. Suppose -24 = 4*b - 4*f, -4*b = b + 3*f + 30. Let s be x(b). List the prime factors of (-7)/(s/(5 + 1)).
2, 7
Suppose -14 + 4 = -5*t. Suppose -38 = h - t*h. Let n = h + -14. List the prime factors of n.
2, 3
Let t = -1 + 3. Suppose -8*y + 6*y - i + 276 = 0, -5*y = 4*i - 696. Suppose t*g = -2*m + y, -g + 3*m = -m - 63. What are the prime factors of g?
67
Suppose 0*t + 4 = t, 0 = 4*y + 2*t + 20. Let p be (-240)/9 + 2/3. Let o = y - p. List the prime factors of o.
19
What are the prime factors of 1196 - (-2)/4*16?
2, 7, 43
Let y = 36 - 21. Let f = 7 - y. Let x = 14 + f. List the prime factors of x.
2, 3
Let y = 94 + -4. List the prime factors of y.
2, 3, 5
Suppose -q - 17 = -211. What are the prime factors of q?
2, 97
Suppose o = 3*y + y - 55, -o - 34 = 3*y. Suppose -4*g + 4*c = -15 - 353, -365 = -4*g + 5*c. Let p = g + o. What are the prime factors of p?
2, 13
Let o = 784 + 1630. What are the prime factors of o?
2, 17, 71
Suppose -11*s + 60 = s. Suppose -y + n = 6*n - 77, s*n = -5*y + 465. What are the prime factors of y?
97
Let h(s) = -s**3 + 14*s**2 - 14*s + 23. What are the prime factors of h(13)?
2, 5
Suppose 727 + 144 = 2*j - 3*u, -j + 431 = -3*u. What are the prime factors of j?
2, 5, 11
Let f = 12 + -39. What are the prime factors of (f/(-3))/((-5)/(20/(-3)))?
2, 3
Let a be (-24)/(-42) + (-34)/(-14). Suppose 2*n = -5 - a, -p + 5*n = -22. Suppose 0 = -p*f + 1 + 39. List the prime factors of f.
2, 5
What are the prime factors of 446/2*8 + 6/(-1)?
2, 7, 127
Suppose 2*c + 4*p = -2*c + 20, -2*p = -5*c + 11. Suppose -3*v = 2*j - 2*v + 2, 0 = -2*j - c*v - 10. What are the prime factors of 7 - (2 - 1/j)?
2, 3
Let q be (-102)/18 + 5 + 159/9. Let w = 4 - -22. Let b = w - q. List the prime factors of b.
3
Let l = -1224 + 1931. What are the prime factors of l?
7, 101
Let n(r) = -r**3 + 4*r**2 - 5. Let b be n(5). Let k = b - -30. Suppose 5*g - g - 100 = k. List the prime factors of g.
5
Suppose -4*m - m = 0. Suppose 8 + m = 2*f. What are the prime factors of f/6*441/14?
3, 7
Suppose g - 6*g = 4*m - 771, 5*m + 4*g - 957 = 0. Suppose 4*j - 463 = m. List the prime factors of j.
163
Le